= -6*s + 46800. Calculate the greatest common divisor of 94 and s.
94
Suppose 0 = -2*g - 12 + 54. Let x be 9/(-21) - (-156)/g. Suppose 11 = -x*u + 8*u. Calculate the highest common factor of 77 and u.
11
Suppose -151*k + 2386523 + 965224 = 0. What is the greatest common divisor of 147 and k?
147
Let c(n) = 4*n**2 + 46*n + 784. Let r be c(-15). Calculate the greatest common divisor of 56 and r.
14
Let l(y) = 62*y + 1550. Let j be l(-16). What is the greatest common divisor of j and 3162?
186
Let w = -4172 - -8252. Calculate the greatest common divisor of w and 16.
16
Suppose o - 963 = -644. Calculate the greatest common factor of o and 176.
11
Let h(r) = 3*r**2 - 17*r - 308. Let o be h(-10). What is the highest common factor of o and 27?
27
Let h(o) = 2*o + 69. Let u be h(70). Let m = -20 + 39. What is the greatest common divisor of m and u?
19
Let k = -236 + 242. Suppose 2*t + 0*t - 47 = 3*m, -t - m + 31 = 0. Suppose b = -t + 82. What is the greatest common factor of k and b?
6
Let c be 4 - 6/2*(-25)/(1200/1365344). What is the highest common factor of 22 and c?
22
Suppose h = -4*t + 8*t - 22, -2*t = 5*h - 22. Suppose -24 = -2*j - 5*l, t*j + 4*l = 4*j + 22. What is the greatest common divisor of 7 and j?
7
Suppose 3*p = 236 + 988. Suppose 2*q + p = 10*q. What is the greatest common factor of 51 and q?
51
Let q be ((-76)/(-19))/(2/46). Let d = 116 - q. Let b be 123/8 - 9/d. Calculate the highest common divisor of b and 105.
15
Let r = -9185 - -9189. Let y = -4 + 6. What is the highest common divisor of r and y?
2
Suppose -3*o = -3*t - 42, -3*o + t + 27 + 5 = 0. Let i be -7*(-20)/(-5 + o). What is the highest common divisor of 7 and i?
7
Suppose -98 - 77 = -2*q - t, 49 = q - 5*t. Calculate the highest common factor of 6496 and q.
28
Suppose 7*v - 90 - 183 = 0. Suppose -3263 + 1118 = -5*w. What is the greatest common divisor of w and v?
39
Suppose 5*c = -2*c + 3360. Suppose -3*x = -19*x + c. Calculate the greatest common divisor of x and 330.
30
Let v be ((-294)/9)/((-10)/180). Let n be v/8 - (-1)/(4/6). Calculate the highest common factor of 15 and n.
15
Suppose 0 = -4*x - 2*c + 676, 204 = x + c + 34. Suppose -72*g + 76*g - x = 0. Calculate the greatest common divisor of g and 672.
42
Let s(a) = 37*a**2 + 131*a - 505. Let x be s(4). Calculate the greatest common factor of x and 26.
13
Let d be (1/6 - (-153)/54) + 2. Suppose -d*i + 7*i = 2*m + 414, -i + 189 = 5*m. Calculate the highest common divisor of 153 and i.
51
Suppose 0*m + 5*m - 70 = 0. Suppose 0 = 4*y + 40 - 656. What is the greatest common factor of m and y?
14
Suppose 15*l - 26736 - 16012 = 1172. What is the greatest common divisor of l and 336?
48
Let d(j) = 9*j + 6. Let y(i) = -3*i + 27. Let g be y(10). Let c be d(g). Let z(u) = -u + 9. Let p be z(c). What is the highest common factor of 330 and p?
30
Suppose -58*u + 434 - 213 = -1229. What is the highest common factor of 60025 and u?
25
Let j(k) = 7*k + 100. Let z(u) = -u**3 - 19*u**2 + 24*u + 70. Let a be z(-20). Let t be j(a). Calculate the greatest common divisor of t and 390.
30
Suppose -2*p + 4 = -4. Suppose -p*j - 5 = j. Let z be 4 + j - (987/(-3))/7. Calculate the greatest common divisor of 20 and z.
10
Let m(t) = -222*t + 66. Let f be m(6). Let k = 1881 + f. What is the highest common divisor of 15 and k?
15
Let w(z) = 26*z**2 - 18*z + 78. Let q be w(4). Suppose 2*f - y + 33 = 452, 2*f + 2*y = q. What is the greatest common factor of f and 42?
42
Let y = 35538 + -19986. Calculate the greatest common factor of y and 9.
9
Suppose -96*k + 249116 = -14*k. Calculate the highest common factor of 62 and k.
62
Let w = -1306 - -1330. Let i(z) = -2*z**2 - 30*z + 9. Let o be i(-15). Calculate the highest common divisor of w and o.
3
Suppose -5*q - 38 = -b, -3*b = 2*q - 158 + 10. Let y(w) = w**2 - 17*w - 21114. Let m be y(-138). What is the highest common divisor of m and b?
12
Let b(i) = 205*i - 320. Let h be b(2). Calculate the highest common factor of 830 and h.
10
Suppose -5*t - 145 = -5*k, -k - 159 + 23 = 4*t. Let x be (6/4)/(((-187)/308)/(-17)). Let i = x + t. Calculate the greatest common divisor of 9 and i.
9
Let s(f) = -f**3 - 9*f**2 - 426*f - 5192. Let n be s(-12). Calculate the highest common factor of n and 506.
22
Let r = 1078 - -121. What is the highest common factor of r and 109?
109
Let n = -18771 + 28491. What is the greatest common factor of 54 and n?
54
Suppose -133 = -5*z - 4*k, -4*z + 0*k + 94 = -3*k. Let t = -551 + 561. Suppose -m - t = -z. What is the highest common divisor of 5 and m?
5
Let h be (6 + 2)/((-10)/(-175)). Calculate the highest common divisor of 1036 and h.
28
Let s(y) = y**3 + 6*y**2 - 4*y + 29. Let t be s(-7). Let r be 17 + 38 + (6/2 - t). What is the highest common divisor of 550 and r?
50
Suppose 24*u - 50 = 19*u. Suppose o - 14 = -u. Calculate the greatest common divisor of o and 164.
4
Let v = 6990 - 6973. What is the highest common factor of v and 4?
1
Let w = 566 + -572. Let q be (-20 - w)*288/(-56). What is the highest common factor of q and 18?
18
Let g(d) = 3*d**2 + 4 - 16*d - 2*d**2 + 8*d - 1. Let k be g(8). Let j = -326 - -329. What is the highest common divisor of k and j?
3
Let s be -4 + 16820/90 + (26/(-9) - -3). Calculate the greatest common factor of s and 2623.
61
Let y(a) = 651*a**2 + 13*a - 12. Let j be y(1). Let g = 760 - j. Calculate the greatest common divisor of g and 96.
12
Let b be 1/2 - (-4 + 35/14). Suppose -3*g - 8 = g, 0 = b*u + 4*g - 16. What is the greatest common divisor of u and 60?
12
Let r(g) = -3*g + 18*g**2 + g**3 - 56 - 2*g + 7*g + 10*g. Let s be r(-17). Calculate the greatest common factor of s and 203.
29
Suppose 3*u - 60 = 228. Let x(v) = v**3 + 13*v**2 + 12*v - 20. Let m be x(-20). Let a be m/(-48) - (-3)/12. Calculate the highest common factor of a and u.
32
Let d(a) = -2*a**3 - 2*a**2 + 10*a + 26. Let l be d(-2). Suppose 746 = -l*b + 4890. What is the highest common factor of b and 74?
74
Let h(a) = 11*a - 91. Let y be h(14). Suppose 4*i + 5*g - 87 = 0, -2*i + 5*i = -3*g + y. Let r = 20 + -8. Calculate the highest common factor of i and r.
6
Suppose 3*i = 3*r + 117 - 45, -4*i + 87 = -r. Let p = 2 - 3. Let l be (3 - p*18)*1. Calculate the greatest common factor of i and l.
21
Suppose -4055 - 3341 = -4*h - 3*d, 2*d = -h + 1854. Calculate the greatest common factor of 39 and h.
13
Let n = 135 + -129. Let h be 5*2/15 - (-752)/n. Calculate the highest common divisor of 28 and h.
14
Let x be -1*(-27)/3 + (-35)/7. Suppose 2*p + 5*r - 61 = 0, 6*p - 2*p = x*r + 52. Calculate the highest common factor of p and 81.
9
Let f be (2*1)/(-4) + (-494)/(-76). Suppose 2*r + 4*d = 22, 2*d - f = -0. Let w be -4 - 5/(r/(-58)). Calculate the greatest common divisor of 18 and w.
18
Let c = -876 + 1335. What is the greatest common factor of c and 969?
51
Let i(p) = 8*p**2 - 50*p + 174. Let v be i(6). What is the highest common factor of 108 and v?
54
Let a be ((-11)/(-5) + -2)*85. Let i(c) = c**2 - 19*c + 61. Let q be i(a). Calculate the greatest common factor of 756 and q.
27
Suppose 13526 = 3*c + 2*t, -9009 = -5*c + 3*c - 3*t. What is the highest common divisor of c and 96?
96
Let b be (-33)/(-88) + (-522)/(-144). Suppose -20 = -3*f + 40. Let y be (8/f)/((-2)/(-60)). Calculate the greatest common divisor of y and b.
4
Suppose 2*d + 3*a = -0*d - 9, -a - 3 = 0. Suppose 0 = -5*c - q - d*q + 160, 0 = 4*c + q - 128. Calculate the greatest common divisor of 2 and c.
2
Let r(q) = 2*q**3 + 12*q**2 + 2*q - 14. Let t be r(-4). Let j = -82 + 145. Calculate the greatest common factor of j and t.
21
Let d be (-24)/(-150)*1065/2 + (-12)/10. What is the greatest common divisor of 1582 and d?
14
Let p be (12/5)/((-3)/(-40)). Calculate the highest common factor of 88 and p.
8
Suppose -50*m = -98*m + 3024. Calculate the highest common divisor of m and 81.
9
Suppose 11*q = 39*q + 22*q - 5400. Calculate the highest common divisor of 2187 and q.
27
Suppose -79 = 4*k - 5*k - 5*h, 0 = 3*h - 15. Suppose 51*d + 12 = k*d. Let y be (d/(-2) - 2) + (70 - -6). What is the greatest common factor of y and 36?
36
Let b be (2 - -79)*(1 + -4). Let g = b - -283. Calculate the highest common factor of g and 140.
20
Let i(n) = 72*n**2 + 2*n + 2. Let s be i(-1). Let a be 46/(((-4)/24)/((-4)/(-12))). Let c = a -